{"id":3105,"date":"2024-02-22T01:11:00","date_gmt":"2024-02-21T22:11:00","guid":{"rendered":"https:\/\/stardustsquad.org\/?page_id=3105"},"modified":"2024-02-22T01:24:50","modified_gmt":"2024-02-21T22:24:50","slug":"partner-ol","status":"publish","type":"page","link":"https:\/\/stardustsquad.org\/index.php\/partner-ol\/","title":{"rendered":"Partner Ol"},"content":{"rendered":"<div class=\"wpb-content-wrapper\"><p>[vc_section css=&#8221;.vc_custom_1527694031773{background-color: #fafafa !important;}&#8221;][vc_row][vc_column]<div class=\"wpb_content_element \"><style type=\"text\/css\">#ut_header_69f40c8c74add h2.section-title { font-size:100px !important;line-height:100px !important;letter-spacing:-0.04em; }@media (min-width: 1025px) and (max-width: 1679px) {#ut_header_69f40c8c74add h2.section-title { letter-spacing:-0.04em; }}@media (min-width: 768px) and (max-width: 1024px) {#ut_header_69f40c8c74add h2.section-title { letter-spacing:-0.04em; }}@media (max-width: 767px) {#ut_header_69f40c8c74add h2.section-title { letter-spacing:-0.04em; }}#ut_header_69f40c8c74add .lead ins { color:#333333; }<\/style><header id=\"ut_header_69f40c8c74add\" class=\"section-header  ut-no-title-linebreak-mobile ut-no-lead-linebreak-mobile pt-style-2 header-center header-tablet-center header-mobile-center\"><h2 data-title=\"STARDUST'a Kat\u0131l\"  data-responsive-font=\"section_title\" data-responsive-font-settings=\"{&quot;base-font-size&quot;:&quot;100&quot;,&quot;font-size-unit&quot;:&quot;px&quot;,&quot;font-size&quot;:{&quot;desktop_large&quot;:&quot;100&quot;},&quot;base-line-height&quot;:&quot;100&quot;,&quot;line-height-unit&quot;:&quot;px&quot;,&quot;line-height&quot;:{&quot;desktop_large&quot;:&quot;100&quot;},&quot;base-letter-spacing&quot;:&quot;-0.04&quot;,&quot;letter-spacing&quot;:{&quot;desktop_large&quot;:&quot;-0.04&quot;}}\" class=\"section-title  \"><span>STARDUST'a Kat\u0131l<\/span><\/h2><div data-delay=\"0\" class=\"lead \"><p>Partner ya da Destek\u00e7i olarak Stardust&#8217;a ba\u015fvur, faydalan ve fayda sa\u011fla.<\/p>\n<\/div><\/header><\/div>[\/vc_column][\/vc_row][\/vc_section][vc_section][vc_row equal_height=&#8221;yes&#8221; content_placement=&#8221;middle&#8221;][vc_column width=&#8221;1\/2&#8243;]<div class=\"wpb_content_element \"><style type=\"text\/css\">#ut_header_69f40c8c79fb2 h5.section-title { font-size:30px !important;letter-spacing:-0.03em; }<\/style><header id=\"ut_header_69f40c8c79fb2\" class=\"section-header  ut-no-title-linebreak-mobile ut-no-lead-linebreak-mobile pt-style-2 header-center header-tablet-center header-mobile-center\"><h5 data-title=\"Partner Ol Formu\"  data-responsive-font=\"section_title\" data-responsive-font-settings=\"{&quot;base-font-size&quot;:&quot;30&quot;,&quot;font-size-unit&quot;:&quot;px&quot;,&quot;font-size&quot;:{&quot;desktop_large&quot;:&quot;30&quot;},&quot;base-line-height&quot;:&quot;global&quot;,&quot;base-letter-spacing&quot;:&quot;global&quot;,&quot;letter-spacing&quot;:{&quot;desktop_large&quot;:&quot;-0.03&quot;}}\" class=\"section-title  \"><span>Partner Ol Formu<\/span><\/h5><div data-delay=\"0\" class=\"lead \"><p>Formu doldurup Partner olarak Stardust&#8217;a kat\u0131lman\u0131n ilk ad\u0131m\u0131n\u0131 tamamla!<\/p>\n<\/div><\/header><\/div><div id=\"ut_cf7_colors_69f40c8c7a655\" class=\"wpb_content_element  \">\n<div class=\"wpcf7 no-js\" id=\"wpcf7-f3072-o1\" lang=\"tr-TR\" dir=\"ltr\" data-wpcf7-id=\"3072\">\n<div class=\"screen-reader-response\"><p role=\"status\" aria-live=\"polite\" aria-atomic=\"true\"><\/p> <ul><\/ul><\/div>\n<form action=\"\/index.php\/wp-json\/wp\/v2\/pages\/3105#wpcf7-f3072-o1\" method=\"post\" class=\"wpcf7-form init\" aria-label=\"\u0130leti\u015fim Formu\" novalidate=\"novalidate\" data-status=\"init\">\n<fieldset class=\"hidden-fields-container\"><input type=\"hidden\" name=\"_wpcf7\" value=\"3072\" \/><input type=\"hidden\" name=\"_wpcf7_version\" value=\"6.1.5\" \/><input type=\"hidden\" name=\"_wpcf7_locale\" value=\"tr_TR\" \/><input type=\"hidden\" name=\"_wpcf7_unit_tag\" value=\"wpcf7-f3072-o1\" \/><input type=\"hidden\" name=\"_wpcf7_container_post\" value=\"0\" \/><input type=\"hidden\" name=\"_wpcf7_posted_data_hash\" value=\"\" \/>\n<\/fieldset>\n<label> Kurum Ad\u0131\n    <span class=\"wpcf7-form-control-wrap\" data-name=\"your-name\"><input size=\"40\" maxlength=\"400\" class=\"wpcf7-form-control wpcf7-text wpcf7-validates-as-required\" autocomplete=\"name\" aria-required=\"true\" aria-invalid=\"false\" value=\"\" type=\"text\" name=\"your-name\" \/><\/span> <\/label>\n\n<label> Kurum URL'si\n    <span class=\"wpcf7-form-control-wrap\" data-name=\"your-subject\"><input size=\"40\" maxlength=\"400\" class=\"wpcf7-form-control wpcf7-text wpcf7-validates-as-required\" aria-required=\"true\" aria-invalid=\"false\" value=\"\" type=\"text\" name=\"your-subject\" \/><\/span> <\/label>\n    \n\n\n<label> \u0130lgili Ki\u015fi Ad\u0131 Soyad\u0131\n    <span class=\"wpcf7-form-control-wrap\" data-name=\"your-name\"><input size=\"40\" maxlength=\"400\" class=\"wpcf7-form-control wpcf7-text wpcf7-validates-as-required\" autocomplete=\"name\" aria-required=\"true\" aria-invalid=\"false\" value=\"\" type=\"text\" name=\"your-name\" \/><\/span> <\/label>\n\n<label> \u0130\u015f e posta adresi\n    <span class=\"wpcf7-form-control-wrap\" data-name=\"your-email\"><input size=\"40\" maxlength=\"400\" class=\"wpcf7-form-control wpcf7-email wpcf7-validates-as-required wpcf7-text wpcf7-validates-as-email\" autocomplete=\"email\" aria-required=\"true\" aria-invalid=\"false\" value=\"\" type=\"email\" name=\"your-email\" \/><\/span> <\/label>\n\n    \n<label> \u0130letiniz (tercihe ba\u011fl\u0131)\n    <span class=\"wpcf7-form-control-wrap\" data-name=\"your-message\"><textarea cols=\"40\" rows=\"10\" maxlength=\"2000\" class=\"wpcf7-form-control wpcf7-textarea\" aria-invalid=\"false\" name=\"your-message\"><\/textarea><\/span> <\/label>\n\n<input class=\"wpcf7-form-control wpcf7-submit has-spinner\" type=\"submit\" value=\"G\u00f6nder\" \/><div class=\"wpcf7-response-output\" aria-hidden=\"true\"><\/div>\n<\/form>\n<\/div>\n<\/div>[\/vc_column][vc_column width=&#8221;1\/2&#8243;]<div class=\"wpb_content_element  vc_custom_1708550817903\"><style type=\"text\/css\">#ut_scv_69f40c8c7ad19 .ut-service-icon i { color: #FFF; }#ut_scv_69f40c8c7ad19 .ut-service-icon.ut-service-icon-round { background: #1d4f88; }#ut_scv_69f40c8c7ad19 .ut-service-icon.ut-service-icon-square { background: #1d4f88; }#ut_scv_69f40c8c7ad19 .ut-service-icon.ut-service-icon-rounded { background: #1d4f88; }#ut_scv_69f40c8c7ad19 .ut-service-column.ut-vertical h3 { font-size:18px !important;line-height:30px !important;letter-spacing:-0.01em; }#ut_scv_69f40c8c7ad19 .ut-service-column.ut-vertical p { font-size:14px !important;line-height:30px !important; }#ut_scv_69f40c8c7ad19 .ut-service-column.ut-vertical p { margin-top: 10px; }#ut_scv_69f40c8c7ad19 .ut-service-column.ut-vertical a.ut-service-column-vertical-link { font-size: 12px; }<\/style><div id=\"ut_scv_69f40c8c7ad19\" class=\" clearfix  ut-vertical-style ut-vertical-style-align-center\" ><figure  class=\"ut-service-icon ut-service-icon-round ut-service-icon-large ut-service-icon-with-svg\">\t\t\t\r\n\t\t\t<style type=\"text\/css\">\r\n\t\t\t\t\r\n\t\t\t\t\t\t\t\t\r\n\t\t\t\t\t#ut-svg-69f40c8c7ad99 { display:none; }\r\n\t\t\t\t\t#ut-svg-69f40c8c7ad99.ut-svg-loaded { display:block; }\r\n\t\t\t\t\r\n\t\t\t\t\r\n\t\t\t\t#ut-svg-69f40c8c7ad99 path { stroke: #ffffff; }\r\n\t\t\t\t#ut-svg-69f40c8c7ad99 line { stroke: #ffffff; }\r\n\t\t\t\t#ut-svg-69f40c8c7ad99 circle { stroke: #ffffff; }\r\n\t\t\t\t#ut-svg-69f40c8c7ad99 rect { stroke: #ffffff; }\r\n\t\t\t\t#ut-svg-69f40c8c7ad99 ellipse { stroke: #ffffff; }\r\n\t\t\t\t#ut-svg-69f40c8c7ad99 polyline { stroke: #ffffff; }\r\n\t\t\t\t#ut-svg-69f40c8c7ad99 polygon { stroke: #ffffff; }\r\n\t\t\t\t\r\n\t\t\t\t#ut-svg-69f40c8c7ad99 [data-name=\"layer1\"] { stroke: #ffffff; }\r\n\t\t\t\t#ut-svg-69f40c8c7ad99 [data-name=\"layer1\"] path { stroke: #ffffff; }\r\n\t\t\t\t\r\n\t\t\t\t\t\t\t\t\t\t\t\t\r\n\t\t\t\t\t\t\t\t\r\n\r\n\t\t\t<\/style>\r\n\t\t\r\n\t\t\r\n\r\n<svg version=\"1.1\" class=\"ut-vivus-draw\" data-settings=\"{&quot;draw_svg_icons&quot;:&quot;yes&quot;,&quot;draw_svg_type&quot;:&quot;oneByOne&quot;,&quot;draw_svg_delay&quot;:&quot;0&quot;,&quot;draw_svg_duration&quot;:&quot;100&quot;}\" id=\"ut-svg-69f40c8c7ad99\" xmlns=\"http:\/\/www.w3.org\/2000\/svg\" xmlns:xlink=\"http:\/\/www.w3.org\/1999\/xlink\" x=\"0px\" y=\"0px\"\r\n\t width=\"64px\" height=\"64px\" viewBox=\"0 0 64 64\" enable-background=\"new 0 0 64 64\" xml:space=\"preserve\">\r\n<rect x=\"1\" y=\"18\" fill=\"none\" stroke=\"#000000\" stroke-width=\"2\" stroke-miterlimit=\"10\" width=\"52\" height=\"32\"\/>\r\n<polyline fill=\"none\" stroke=\"#000000\" stroke-width=\"2\" stroke-miterlimit=\"10\" points=\"9.887,16 9.887,9 63,9 63,41 55,41 \"\/>\r\n<polyline fill=\"none\" stroke=\"#000000\" stroke-width=\"2\" stroke-miterlimit=\"10\" points=\"0.887,18 27,33.062 53,18 \"\/>\r\n<\/svg>\r\n<\/figure><div class=\"ut-service-column ut-vertical\"><h3 data-responsive-font=\"h3\" data-responsive-font-settings=\"{&quot;base-font-size&quot;:&quot;global&quot;,&quot;font-size&quot;:{&quot;desktop_large&quot;:&quot;18&quot;},&quot;base-line-height&quot;:&quot;global&quot;,&quot;line-height&quot;:{&quot;desktop_large&quot;:&quot;30&quot;},&quot;base-letter-spacing&quot;:&quot;global&quot;,&quot;letter-spacing&quot;:{&quot;desktop_large&quot;:&quot;-0.01&quot;}}\" class=\"ut-service-column-title element-with-custom-line-height\">Mail G\u00f6nder<\/h3><p class=\"element-with-custom-line-height\" data-responsive-font=\"p\" data-responsive-font-settings=\"{&quot;base-font-size&quot;:&quot;global&quot;,&quot;font-size&quot;:{&quot;desktop_large&quot;:&quot;14&quot;},&quot;base-line-height&quot;:&quot;global&quot;,&quot;line-height&quot;:{&quot;desktop_large&quot;:&quot;30&quot;},&quot;base-letter-spacing&quot;:&quot;global&quot;}\">info@stardustsquad.org<\/p><\/div><\/div><\/div><div class=\"wpb_content_element  vc_custom_1708550852391\"><style type=\"text\/css\">#ut_scv_69f40c8c7aeae .ut-service-icon i { color: #FFF; }#ut_scv_69f40c8c7aeae .ut-service-icon.ut-service-icon-round { background: #1d4f88; }#ut_scv_69f40c8c7aeae .ut-service-icon.ut-service-icon-square { background: #1d4f88; }#ut_scv_69f40c8c7aeae .ut-service-icon.ut-service-icon-rounded { background: #1d4f88; }#ut_scv_69f40c8c7aeae .ut-service-column.ut-vertical h3 { font-size:18px !important;line-height:30px !important;letter-spacing:-0.01em; }#ut_scv_69f40c8c7aeae .ut-service-column.ut-vertical p { font-size:14px !important;line-height:30px !important; }#ut_scv_69f40c8c7aeae .ut-service-column.ut-vertical p { margin-top: 10px; }#ut_scv_69f40c8c7aeae .ut-service-column.ut-vertical a.ut-service-column-vertical-link { font-size: 12px; }<\/style><div id=\"ut_scv_69f40c8c7aeae\" class=\" clearfix  ut-vertical-style ut-vertical-style-align-center\" ><figure  class=\"ut-service-icon ut-service-icon-round ut-service-icon-large ut-service-icon-with-svg\">\t\t\t\r\n\t\t\t<style type=\"text\/css\">\r\n\t\t\t\t\r\n\t\t\t\t\t\t\t\t\r\n\t\t\t\t\t#ut-svg-69f40c8c7af3a { display:none; }\r\n\t\t\t\t\t#ut-svg-69f40c8c7af3a.ut-svg-loaded { display:block; }\r\n\t\t\t\t\r\n\t\t\t\t\r\n\t\t\t\t#ut-svg-69f40c8c7af3a path { stroke: #ffffff; }\r\n\t\t\t\t#ut-svg-69f40c8c7af3a line { stroke: #ffffff; }\r\n\t\t\t\t#ut-svg-69f40c8c7af3a circle { stroke: #ffffff; }\r\n\t\t\t\t#ut-svg-69f40c8c7af3a rect { stroke: #ffffff; }\r\n\t\t\t\t#ut-svg-69f40c8c7af3a ellipse { stroke: #ffffff; }\r\n\t\t\t\t#ut-svg-69f40c8c7af3a polyline { stroke: #ffffff; }\r\n\t\t\t\t#ut-svg-69f40c8c7af3a polygon { stroke: #ffffff; }\r\n\t\t\t\t\r\n\t\t\t\t#ut-svg-69f40c8c7af3a [data-name=\"layer1\"] { stroke: #ffffff; }\r\n\t\t\t\t#ut-svg-69f40c8c7af3a [data-name=\"layer1\"] path { stroke: #ffffff; }\r\n\t\t\t\t\r\n\t\t\t\t\t\t\t\t\t\t\t\t\r\n\t\t\t\t\t\t\t\t\r\n\r\n\t\t\t<\/style>\r\n\t\t\r\n\t\t\r\n\r\n<svg version=\"1.1\" class=\"ut-vivus-draw\" data-settings=\"{&quot;draw_svg_icons&quot;:&quot;yes&quot;,&quot;draw_svg_type&quot;:&quot;oneByOne&quot;,&quot;draw_svg_delay&quot;:&quot;0&quot;,&quot;draw_svg_duration&quot;:&quot;100&quot;}\" id=\"ut-svg-69f40c8c7af3a\" xmlns=\"http:\/\/www.w3.org\/2000\/svg\" xmlns:xlink=\"http:\/\/www.w3.org\/1999\/xlink\" x=\"0px\" y=\"0px\"\r\n\t width=\"64px\" height=\"64px\" viewBox=\"0 0 64 64\" enable-background=\"new 0 0 64 64\" xml:space=\"preserve\">\r\n<polygon fill=\"none\" stroke=\"#000000\" stroke-width=\"2\" stroke-miterlimit=\"10\" points=\"55,24 22,24 22,12 55,12 62,18 \"\/>\r\n<polygon fill=\"none\" stroke=\"#000000\" stroke-width=\"2\" stroke-miterlimit=\"10\" points=\"9,28 42,28 42,40 9,40 2,34 \"\/>\r\n<line fill=\"none\" stroke=\"#000000\" stroke-width=\"2\" stroke-miterlimit=\"10\" x1=\"32\" y1=\"40\" x2=\"32\" y2=\"64\"\/>\r\n<line fill=\"none\" stroke=\"#000000\" stroke-width=\"2\" stroke-miterlimit=\"10\" x1=\"32\" y1=\"28\" x2=\"32\" y2=\"24\"\/>\r\n<line fill=\"none\" stroke=\"#000000\" stroke-width=\"2\" stroke-miterlimit=\"10\" x1=\"32\" y1=\"12\" x2=\"32\" y2=\"7\"\/>\r\n<line fill=\"none\" stroke=\"#000000\" stroke-width=\"2\" stroke-miterlimit=\"10\" x1=\"24\" y1=\"63\" x2=\"40\" y2=\"63\"\/>\r\n<\/svg>\r\n<\/figure><div class=\"ut-service-column ut-vertical\"><h3 data-responsive-font=\"h3\" data-responsive-font-settings=\"{&quot;base-font-size&quot;:&quot;global&quot;,&quot;font-size&quot;:{&quot;desktop_large&quot;:&quot;18&quot;},&quot;base-line-height&quot;:&quot;global&quot;,&quot;line-height&quot;:{&quot;desktop_large&quot;:&quot;30&quot;},&quot;base-letter-spacing&quot;:&quot;global&quot;,&quot;letter-spacing&quot;:{&quot;desktop_large&quot;:&quot;-0.01&quot;}}\" class=\"ut-service-column-title element-with-custom-line-height\">Ziyaret Et<\/h3><p class=\"element-with-custom-line-height\" data-responsive-font=\"p\" data-responsive-font-settings=\"{&quot;base-font-size&quot;:&quot;global&quot;,&quot;font-size&quot;:{&quot;desktop_large&quot;:&quot;14&quot;},&quot;base-line-height&quot;:&quot;global&quot;,&quot;line-height&quot;:{&quot;desktop_large&quot;:&quot;30&quot;},&quot;base-letter-spacing&quot;:&quot;global&quot;}\">Nusaybin \/ Mardin<\/p><\/div><\/div><\/div>[\/vc_column][\/vc_row][\/vc_section]<\/p>\n<\/div>","protected":false},"excerpt":{"rendered":"<p>[vc_section css=&#8221;.vc_custom_1527694031773{background-color: #fafafa !important;}&#8221;][vc_row][vc_column][\/vc_column][\/vc_row][\/vc_section][vc_section][vc_row equal_height=&#8221;yes&#8221; content_placement=&#8221;middle&#8221;][vc_column width=&#8221;1\/2&#8243;][\/vc_column][vc_column width=&#8221;1\/2&#8243;][\/vc_column][\/vc_row][\/vc_section]<\/p>\n","protected":false},"author":2,"featured_media":0,"parent":0,"menu_order":0,"comment_status":"closed","ping_status":"closed","template":"","meta":{"footnotes":""},"class_list":["post-3105","page","type-page","status-publish","hentry"],"_links":{"self":[{"href":"https:\/\/stardustsquad.org\/index.php\/wp-json\/wp\/v2\/pages\/3105","targetHints":{"allow":["GET"]}}],"collection":[{"href":"https:\/\/stardustsquad.org\/index.php\/wp-json\/wp\/v2\/pages"}],"about":[{"href":"https:\/\/stardustsquad.org\/index.php\/wp-json\/wp\/v2\/types\/page"}],"author":[{"embeddable":true,"href":"https:\/\/stardustsquad.org\/index.php\/wp-json\/wp\/v2\/users\/2"}],"replies":[{"embeddable":true,"href":"https:\/\/stardustsquad.org\/index.php\/wp-json\/wp\/v2\/comments?post=3105"}],"version-history":[{"count":2,"href":"https:\/\/stardustsquad.org\/index.php\/wp-json\/wp\/v2\/pages\/3105\/revisions"}],"predecessor-version":[{"id":3120,"href":"https:\/\/stardustsquad.org\/index.php\/wp-json\/wp\/v2\/pages\/3105\/revisions\/3120"}],"wp:attachment":[{"href":"https:\/\/stardustsquad.org\/index.php\/wp-json\/wp\/v2\/media?parent=3105"}],"curies":[{"name":"wp","href":"https:\/\/api.w.org\/{rel}","templated":true}]}}